{"id":16,"date":"2016-05-26T05:39:40","date_gmt":"2016-05-26T05:39:40","guid":{"rendered":"http:\/\/darc-a24.de\/?page_id=16"},"modified":"2025-05-07T10:07:14","modified_gmt":"2025-05-07T08:07:14","slug":"ueber-uns","status":"publish","type":"page","link":"https:\/\/darc-a24.de\/?page_id=16","title":{"rendered":"Wir sind der DARC Ortsverband Ettlingen"},"content":{"rendered":"<p>A24 ist ein Wohlf\u00fchl-OV, hier werden Kameradschaft und Hilfsbereitschaft gro\u00df geschrieben. Viele Mitglieder bleiben uns treu, auch wenn sie aus der Region fortziehen.<\/p>\n<p>Unser &#8222;Steckenpferd&#8220; ist seit Jahrzehnten die erfolgreiche Teilnahme an Contesten, insbesondere an solchen, die f\u00fcr die Clubmeisterschaft z\u00e4hlen. Unsere Kurz-Rufzeichen DP6M und DR9A (fr\u00fcher auch DQ1A, DL0MB, DM0B) tauchen dabei immer wieder ganz oben in den Ergebnislisten auf.<\/p>\n<p>Weitere Club-Rufzeichen sind u.a. DL0ET und DF0UK. DF0UK ist das Call der Clubstation an der Universit\u00e4t Karlsruhe (heute KIT).<\/p>\n<p>Neben den funkerischen Aktivit\u00e4ten gibt es bei A24 auch ein OV-Leben mit zahlreichen festen und einmaligen Veranstaltungen \u00fcbers Jahr verteilt:<\/p>\n<ul>\n<li>Jahreshauptversammlung (in der Regel im M\u00e4rz)<\/li>\n<li>1. Mai OV-Wanderung, meist im Raum Ettlingen\/Karlsruhe\/Pfalz<\/li>\n<li>Das legend\u00e4re Bratwurstfest in Ettlingen-Schluttenbach an Fronleichnam, seit vielen Jahren mit 80m-Fuchsjagd<\/li>\n<li>Feldtag: Einfach mal wieder funken, auf der gr\u00fcnen Wiese, meist auf KW, einfaches Setup, ohne Contest-Stress<\/li>\n<li>Teilnahme am Marktfest der Stadt Ettlingen mit einem Stand auf der &#8222;Ehrenamtsmeile&#8220;<\/li>\n<li>OV-Familienabend, Anfang November. Gem\u00fctliches Beisammensein, explizit mit Angeh\u00f6rigen<\/li>\n<li>OV-Weihnachtsfeier Anfang Dezember. Meist kommt auch der Weihnachtsmann vorbei und l\u00e4sst das vergangene Jahr in Reimform Revue passieren<\/li>\n<li>OV-Ausfl\u00fcge, z.B. mit der MS Karlsruhe nach Speyer oder Busfahrt nach St. Martin<\/li>\n<li>Besuch von Amateurfunk-Messen (HamRadio, UKW-Tagung, SHF-Treffen,&#8230;)<\/li>\n<li>Kinderferien-Programm mit Elektronik-Basteln in Ettlingen und Malsch<\/li>\n<li>Lizenz-Lehrgang (zusammen mit A07)<\/li>\n<li>Teilnahme am Distrikts-Service-Tag<\/li>\n<li>Fachvortr\u00e4ge (Blitzortung, Laser-\u00dcbertragung, Bericht von DX-Peditionen,&#8230;)<\/li>\n<li>Aktivierung von Inseln, Berggipfeln, Naturparks und Schl\u00f6ssern\/Burgen im Rahmen von IOTA, SOTA, POTA und COTA<\/li>\n<li>H\u00fcttenwochenende auf der Teufelsm\u00fchle mit Ausfl\u00fcgen und Funkativit\u00e4ten auf 900m H\u00f6he<\/li>\n<\/ul>\n<p>Grunds\u00e4tzlich findet dar\u00fcber hinaus\u00a0unser OV-Abend jeden zweiten und vierten Freitag eines jeden Monats um 20.00 Uhr Ortszeit statt (au\u00dfer an Feiertagen). Unser OV-Lokal ist zur Zeit die Waldgastst\u00e4tte Spessart in der Allmendstr. 60 in\u00a0Ettlingen-Spessart. Kommt doch einfach mal vorbei!<\/p>\n<p>Unsere OV-Frequenz ist 145.475 MHz (2m FM). An Freitagen, an denen kein OV-Abend ist, treffen wir uns dort auch zu einem virtuellen OV-Abend ab 20.15Uhr Ortszeit.<br \/>\nViele OV-Mitglieder sind neuerdings auch im DMR Brandmeister-Netz in der Talkgroup DE26275 (Schwarzwald-Nord) erreichbar.<\/p>\n<p>Au\u00dferdem gibt es eine A24 WhatsApp- Gruppe, und bei Facebook sind wir ebenfalls vertreten.<\/p>\n","protected":false},"excerpt":{"rendered":"<p>A24 ist ein Wohlf\u00fchl-OV, hier werden Kameradschaft und Hilfsbereitschaft gro\u00df geschrieben. Viele Mitglieder bleiben uns treu, auch wenn sie aus der Region fortziehen. Unser &#8222;Steckenpferd&#8220; ist seit Jahrzehnten die erfolgreiche &hellip; <a href=\"https:\/\/darc-a24.de\/?page_id=16\" class=\"more-link\"><span class=\"screen-reader-text\">Wir sind der DARC Ortsverband Ettlingen<\/span> weiterlesen <span class=\"meta-nav\">&rarr;<\/span><\/a><\/p>\n","protected":false},"author":1,"featured_media":0,"parent":0,"menu_order":0,"comment_status":"closed","ping_status":"closed","template":"","meta":{"footnotes":""},"class_list":["post-16","page","type-page","status-publish","hentry"],"_links":{"self":[{"href":"https:\/\/darc-a24.de\/index.php?rest_route=\/wp\/v2\/pages\/16","targetHints":{"allow":["GET"]}}],"collection":[{"href":"https:\/\/darc-a24.de\/index.php?rest_route=\/wp\/v2\/pages"}],"about":[{"href":"https:\/\/darc-a24.de\/index.php?rest_route=\/wp\/v2\/types\/page"}],"author":[{"embeddable":true,"href":"https:\/\/darc-a24.de\/index.php?rest_route=\/wp\/v2\/users\/1"}],"replies":[{"embeddable":true,"href":"https:\/\/darc-a24.de\/index.php?rest_route=%2Fwp%2Fv2%2Fcomments&post=16"}],"version-history":[{"count":16,"href":"https:\/\/darc-a24.de\/index.php?rest_route=\/wp\/v2\/pages\/16\/revisions"}],"predecessor-version":[{"id":2162,"href":"https:\/\/darc-a24.de\/index.php?rest_route=\/wp\/v2\/pages\/16\/revisions\/2162"}],"wp:attachment":[{"href":"https:\/\/darc-a24.de\/index.php?rest_route=%2Fwp%2Fv2%2Fmedia&parent=16"}],"curies":[{"name":"wp","href":"https:\/\/api.w.org\/{rel}","templated":true}]}}