{"id":220,"date":"2016-05-28T11:38:19","date_gmt":"2016-05-28T09:38:19","guid":{"rendered":"http:\/\/darc-a24.de\/?page_id=220"},"modified":"2026-03-24T19:52:50","modified_gmt":"2026-03-24T18:52:50","slug":"aktivitaetspokal","status":"publish","type":"page","link":"https:\/\/darc-a24.de\/?page_id=220","title":{"rendered":"Aktivit\u00e4tspokal"},"content":{"rendered":"\n<p>Der gl\u00fcckliche Gewinner und die Teilnehmer im Jahr 2025:<\/p>\n\n\n\n<p><\/p>\n\n\n<div class=\"wp-block-image\">\n<figure class=\"alignleft size-large is-resized\"><img loading=\"lazy\" decoding=\"async\" width=\"1024\" height=\"487\" src=\"https:\/\/darc-a24.de\/wp-content\/uploads\/2026\/03\/Bildschirmfoto-2026-03-24-um-19.46.26-1024x487.png\" alt=\"\" class=\"wp-image-2377\" style=\"width:483px;height:auto\" srcset=\"https:\/\/darc-a24.de\/wp-content\/uploads\/2026\/03\/Bildschirmfoto-2026-03-24-um-19.46.26-1024x487.png 1024w, https:\/\/darc-a24.de\/wp-content\/uploads\/2026\/03\/Bildschirmfoto-2026-03-24-um-19.46.26-300x143.png 300w, https:\/\/darc-a24.de\/wp-content\/uploads\/2026\/03\/Bildschirmfoto-2026-03-24-um-19.46.26-768x365.png 768w, https:\/\/darc-a24.de\/wp-content\/uploads\/2026\/03\/Bildschirmfoto-2026-03-24-um-19.46.26-1536x730.png 1536w, https:\/\/darc-a24.de\/wp-content\/uploads\/2026\/03\/Bildschirmfoto-2026-03-24-um-19.46.26-2048x974.png 2048w\" sizes=\"auto, (max-width: 1024px) 100vw, 1024px\" \/><\/figure>\n<\/div>\n\n\n<p>Herzlichen Gl\u00fcckwunsch Winfried, DK9IP!<\/p>\n\n\n\n<p>Pr\u00e4ambel:<\/p>\n\n\n\n<p>Der A24-L\u00e4nderpokal wird seit dem Jahr 2000 verliehen und hat den Sinn, Funkaktivit\u00e4ten (nicht nur Konteste!) zu f\u00f6rdern. Besonders f\u00f6rderungsw\u00fcrdig erscheinen uns private Bem\u00fchungen bez\u00fcglich Antennen, Betriebstechnik, Portabelaktivit\u00e4ten, Stationstechnik. Als weniger f\u00f6rderw\u00fcrdig in diesem Sinne erachten wir Funkbetrieb \u00fcber das Internet, \u00fcber Umsetzer oder mit Hilfe von Komponenten, welche von anderen oder mehreren OP\u00b4s genutzt werden k\u00f6nnen.<\/p>\n\n\n\n<p>Wer kann den Pokal gewinnen?<\/p>\n\n\n\n<p>Jedes Mitglied von A24. Es sei denn Du hast den Pokal letztes Jahr schon einmal gewonnen. Dann wirst Du  ein Jahr lang nicht ber\u00fccksichtigt, damit andere auch eine Chance haben.<\/p>\n\n\n\n<p>Welche QSO\u00b4s z\u00e4hlen?<\/p>\n\n\n\n<p>Grunds\u00e4tzlich alle Direkt-QSO\u00b4s, die Du in Deutschland unter Deinem eigenen Rufzeichen (kein Kurz-Call) pers\u00f6nlich gemacht hast.<\/p>\n\n\n\n<p>Wie werden KW-QSO\u00b4s gewertet?<\/p>\n\n\n\n<p>Als KW wird der Bereich unter 30 MHz angesehen. Es z\u00e4hlt jedes gearbeitete DXCC-Land (Datenbasis CLUBLOG), einmal, egal auf welchem Band. Gro\u00dffelder werden nicht gez\u00e4hlt.<\/p>\n\n\n\n<p>Wie werden UKW-QSO\u00b4s gewertet?<\/p>\n\n\n\n<p>Jedes gearbeitete DXCC-Land gibt einen Punkt. Jedes gearbeitete Gro\u00dffeld (=Grid, z.B. JN48) gibt ebenfalls einen Punkt.  Diese Regel gilt f\u00fcr jedes Band neu! Es werden die B\u00e4nder 6m, 4m, 2m, 70cm und 23cm gewertet. Diese Punkte werden zu den KW-L\u00e4ndern dazu gez\u00e4hlt.<\/p>\n\n\n\n<p>Ist Remotebetrieb zul\u00e4ssig?<\/p>\n\n\n\n<p>Ja, das ist m\u00f6glich. Es muss lediglich sichergestellt sein, dass alle beteiligten Remote-Komponenten sich in der Gewalt des Rufzeicheninhabers befinden und nur von ihm benutzt werden.<\/p>\n\n\n\n<p>Wie kann ich meine QSO\u00b4s einsenden?<\/p>\n\n\n\n<p>Schicke einfach einen Logbuchauszug des betreffenden Jahres (als adif-Datei) an Mike, DF2IAX (Email: df2iax@gmx.net). Die adif-Datei exportierst Du einfach mit Deinem Logbuchprogramm. Wenn Du so etwas nicht hast, kannst Du am A24-Pokal leider nicht teilnehmen. Zur Not kannst Du Dir ja von jemandem helfen lassen. Deine Logeinsendung muss sp\u00e4testens im Monat vor der Jahreshauptversammlung (die typischerweise im M\u00e4rz stattfindet) eingegangen sein. Im Textfeld der Email muss sich zus\u00e4tzlich Deine Selbstauswertung befinden.<\/p>\n\n\n\n<p>Warum soll ich eine Selbstauswertung machen?<\/p>\n\n\n\n<p>Eine Selbstauswertung besteht aus Angabe der Summen der gearbeiteten L\u00e4nder und Gro\u00dffelder pro Band. Das ist n\u00f6tig, um Entt\u00e4uschungen zu vermeiden und zum fr\u00fchzeitigen Erkennen von Fehlern. Ohne Selbstauswertung wirst Du offiziell nicht gewertet! Ich empfehle Dir die Selbstauswertung hier zu machen: <a href=\"https:\/\/clublog.org\">https:\/\/clublog.org<\/a><\/p>\n\n\n\n<p>Wen frage ich, wenn ich eine Frage habe?<\/p>\n\n\n\n<p>Dominik, DF4IAO oder Mike, DF2IAX.<\/p>\n\n\n\n<p>P.S.: Diese FAQ\u00b4s wurden auf der Basis der Regel\u00e4nderung im Rahmen der A24-Jahreshauptversammlung 2022 erstellt. Durch Deine Teilnahme akzeptierst Du die vom Auswertungskomitee getroffenen Entscheidungen.<\/p>\n\n\n\n<p>Viele Spa\u00df beim Hobby w\u00fcnschen euch:<\/p>\n\n\n\n<p>Dominik DF4IAO und Mike DF2IAX<\/p>\n\n\n\n<p><\/p>\n\n\n\n<p><\/p>\n\n\n\n<p><\/p>\n","protected":false},"excerpt":{"rendered":"<p>Der gl\u00fcckliche Gewinner und die Teilnehmer im Jahr 2025: Herzlichen Gl\u00fcckwunsch Winfried, DK9IP! Pr\u00e4ambel: Der A24-L\u00e4nderpokal wird seit dem Jahr 2000 verliehen und hat den Sinn, Funkaktivit\u00e4ten (nicht nur Konteste!) &hellip; <a href=\"https:\/\/darc-a24.de\/?page_id=220\" class=\"more-link\"><span class=\"screen-reader-text\">Aktivit\u00e4tspokal<\/span> weiterlesen <span class=\"meta-nav\">&rarr;<\/span><\/a><\/p>\n","protected":false},"author":1,"featured_media":0,"parent":218,"menu_order":0,"comment_status":"closed","ping_status":"closed","template":"","meta":{"footnotes":""},"class_list":["post-220","page","type-page","status-publish","hentry"],"_links":{"self":[{"href":"https:\/\/darc-a24.de\/index.php?rest_route=\/wp\/v2\/pages\/220","targetHints":{"allow":["GET"]}}],"collection":[{"href":"https:\/\/darc-a24.de\/index.php?rest_route=\/wp\/v2\/pages"}],"about":[{"href":"https:\/\/darc-a24.de\/index.php?rest_route=\/wp\/v2\/types\/page"}],"author":[{"embeddable":true,"href":"https:\/\/darc-a24.de\/index.php?rest_route=\/wp\/v2\/users\/1"}],"replies":[{"embeddable":true,"href":"https:\/\/darc-a24.de\/index.php?rest_route=%2Fwp%2Fv2%2Fcomments&post=220"}],"version-history":[{"count":31,"href":"https:\/\/darc-a24.de\/index.php?rest_route=\/wp\/v2\/pages\/220\/revisions"}],"predecessor-version":[{"id":2379,"href":"https:\/\/darc-a24.de\/index.php?rest_route=\/wp\/v2\/pages\/220\/revisions\/2379"}],"up":[{"embeddable":true,"href":"https:\/\/darc-a24.de\/index.php?rest_route=\/wp\/v2\/pages\/218"}],"wp:attachment":[{"href":"https:\/\/darc-a24.de\/index.php?rest_route=%2Fwp%2Fv2%2Fmedia&parent=220"}],"curies":[{"name":"wp","href":"https:\/\/api.w.org\/{rel}","templated":true}]}}